
False
Is 25260767 prime?
False
Is 7919995 composite?
True
Is 4278959 a prime number?
True
Is 30375427 composite?
True
Is 9059821 a prime number?
False
Is 256386547 a composite number?
False
Is 1172219 a composite number?
True
Is 319943 composite?
True
Is 5572159 a prime number?
True
Is 559651 a prime number?
False
Is 171831373 a prime number?
False
Is 10438853 composite?
True
Is 979651 prime?
True
Is 228497 prime?
False
Is 8255287 composite?
False
Is 5218427 a composite number?
True
Is 34326751 a prime number?
True
Is 509307 composite?
True
Is 131767331 prime?
True
Is 383489681 a prime number?
True
Is 7120153 prime?
True
Is 279308629 composite?
False
Is 37850827 a prime number?
False
Is 16324739 a composite number?
False
Is 33031093 a composite number?
False
Is 1108041311 composite?
True
Is 42692294 a composite number?
True
Is 17899655 a composite number?
True
Is 9300113 a composite number?
True
Is 578717 a prime number?
False
Is 45846173 composite?
True
Is 11808647 a prime number?
True
Is 8344131 a composite number?
True
Is 21905173 a composite number?
False
Is 323269189 prime?
True
Is 252177 a prime number?
False
Is 3722591 a composite number?
False
Is 3492563 a composite number?
False
Is 10988561 a composite number?
False
Is 8634163 a composite number?
False
Is 286554113 composite?
False
Is 1917829 a prime number?
False
Is 2256073 a prime number?
True
Is 19603249 composite?
False
Is 129689671 composite?
True
Is 1700267 a prime number?
True
Is 42042773 prime?
False
Is 14902861 a composite number?
True
Is 25129673 composite?
True
Is 4251781 prime?
False
Is 1594441 a prime number?
False
Is 25233227 composite?
False
Is 87463139 composite?
True
Is 5016227 prime?
False
Is 13413703 a composite number?
False
Is 4976533 composite?
True
Is 15838349 a prime number?
True
Is 2935507 prime?
True
Is 6150019 a prime number?
True
Is 10167977 a composite number?
False
Is 24110023 composite?
True
Is 14737337 prime?
True
Is 1496423 composite?
False
Is 1539983 composite?
False
Is 89489087 prime?
False
Is 12658853 a composite number?
False
Is 145712837 prime?
True
Is 14373439 a composite number?
False
Is 3124523 prime?
False
Is 3244589 a prime number?
True
Is 1469681 prime?
False
Is 2675191 a composite number?
False
Is 19674877 prime?
False
Is 7567103 composite?
True
Is 841391 a prime number?
True
Is 5269769 a prime number?
True
Is 264172451 prime?
True
Is 3631379 a prime number?
True
Is 39392657 a prime number?
True
Is 2608835 a prime number?
False
Is 12152363 a composite number?
True
Is 127072667 a prime number?
False
Is 47925613 prime?
True
Is 405628163 a prime number?
True
Is 3980503 a prime number?
True
Is 67013207 a prime number?
True
Is 5128987 a composite number?
False
Is 23203031 composite?
False
Is 2485537 a prime number?
True
Is 26068321 a prime number?
True
Is 10451053 prime?
True
Is 70761097 composite?
True
Is 2924443 composite?
True
Is 98216057 prime?
False
Is 27389105 a composite number?
True
Is 925615 a prime number?
False
Is 45468749 a prime number?
True
Is 41112593 a prime number?
True
Is 554117 a composite number?
False
Is 1348309 a composite number?
False
Is 10267799 composite?
False
Is 440221807 a composite number?
False
Is 1980811 a prime number?
False
Is 3285449 prime?
True
Is 6853169 a composite number?
False
Is 1678507 prime?
True
Is 558139 a prime number?
True
Is 496273693 composite?
False
Is 234174571 prime?
True
Is 156679807 composite?
False
Is 178363 prime?
False
Is 308899543 a composite number?
False
Is 3439283 a prime number?
True
Is 12760543 composite?
False
Is 60098459 a prime number?
True
Is 159893509 a composite number?
False
Is 11771483 composite?
False
Is 164411 a composite number?
True
Is 5568349 a prime number?
False
Is 1390981 prime?
False
Is 936779 a composite number?
False
Is 2745187 a prime number?
False
Is 522534449 a prime number?
False
Is 6757547 prime?
True
Is 50382131 a prime number?
True
Is 80708557 a composite number?
True
Is 5275685 a prime number?
False
Is 5108833 a prime number?
False
Is 19894177 a composite number?
False
Is 5701207 composite?
False
Is 2456191 a prime number?
True
Is 1558613 prime?
False
Is 97972799 a prime number?
True
Is 103003027 a prime number?
True
Is 34019933 a composite number?
False
Is 198701 composite?
False
Is 127192355 a composite number?
True
Is 3513977 a composite number?
False
Is 8621637 a composite number?
True
Is 11833007 a prime number?
False
Is 3305402 composite?
True
Is 815471 a prime number?
True
Is 425602031 a composite number?
True
Is 13109037 a prime number?
False
Is 5310941 prime?
False
Is 4486919 prime?
True
Is 908279 prime?
False
Is 1419557 a composite number?
False
Is 31929221 a prime number?
False
Is 4590497 prime?
False
Is 4601783 composite?
True
Is 405938653 composite?
False
Is 7595486 a composite number?
True
Is 35607373 a composite number?
False
Is 36702923 prime?
True
Is 12687095 composite?
True
Is 2112941 a composite number?
True
Is 640831259 prime?
False
Is 50382263 a composite number?
True
Is 52694807 a prime number?
False
Is 25366303 composite?
False
Is 215668727 a prime number?
True
Is 318483649 a prime number?
False
Is 821573 a prime number?
True
Is 23227381 a composite number?
False
Is 64670093 a composite number?
True
Is 5370311 prime?
False
Is 8029471 prime?
True
Is 739997 a prime number?
False
Is 9519499 prime?
False
Is 162752137 a composite number?
False
Is 6416129 a composite number?
True
Is 45622391 a composite number?
False
Is 3351518 prime?
False
Is 1673591 a prime number?
True
Is 6899749 prime?
True
Is 733835 composite?
True
Is 24138481 a prime number?
True
Is 76251893 prime?
True
Is 211891577 prime?
True
Is 57325079 a composite number?
True
Is 339809287 prime?
True
Is 30666953 a composite number?
False
Is 78101 prime?
True
Is 5357767 prime?
True
Is 2057999 a composite number?
False
Is 1103549 a prime number?
True
Is 479209 prime?
True
Is 1925603 prime?
True
Is 23676771 a composite number?
True
Is 34309799 prime?
True
Is 438826079 prime?
False
Is 2118181 prime?
False
Is 63065341 composite?
False
Is 45523607 a prime number?
True
Is 3962827 a composite number?
True
Is 590899 prime?
True
Is 286831 prime?
True
Is 82949159 a composite number?
False
Is 46476881 a prime number?
False
Is 108103 prime?
False
Is 2424677 composite?
True
Is 3868771 composite?
True
Is 9833039 a composite number?
False
Is 17268809 a composite number?
False
Is 1521853 a prime number?
True
Is 66117561 prime?
False
Is 20949157 a composite number?
False
Is 502306481 a composite number?
False
Is 203677003 composite?
False
Is 2851553 prime?
False
Is 26748059 a composite number?
True
Is 14716549 composite?
True
Is 114421127 a prime number?
True
Is 14218054 a prime number?
False
Is 5642591 composite?
False
Is 130317643 prime?
False
Is 38074753 a composite number?
False
Is 90961121 a composite number?
True
Is 10506281 a composite number?
False
Is 105040387 composite?
False
Is 798481 a composite number?
False
Is 4506149 a composite number?
False
Is 23167421 composite?
False
Is 23367323 prime?
False
Is 1282807 prime?
True
Is 87771077 prime?
False
Is 5928383 a composite number?
True
Is 1244014799 a prime number?
True
Is 2421403 a composite number?
False
Is 2396941 prime?
True
Is 2797801 a composite number?
True
Is 5267755 a composite number?
True
Is 76172329 a prime number?
True
Is 927191 a composite number?
False
Is 41708347 prime?
False
Is 18035345 composite?
True
Is 1078799161 prime?
False
Is 557341 a prime number?
False
Is 1937827 a composite number?
True
Is 10958317 composite?
True
Is 44436523 a prime number?
True
Is 76359589 a composite number?
True
Is 881487505 composite?
True
Is 2769371 prime?
False
Is 100708171 prime?
True
Is 11520433 a composite number?
False
Is 3050533 prime?
True
Is 2208619 composite?
True
Is 255529579 composite?
True
Is 115651759 composite?
False
Is 746052673 prime?
False
Is 532909 a composite number?
True
Is 12460621 composite?
False
Is 25909561 prime?
True
Is 5757277 prime?
True
Is 560381 a prime number?
False
Is 5457967 a composite number?
False
Is 79510021 prime?
True
Is 554051 a composite number?
False
Is 207788549 a composite number?
False
Is 2002031 a composite number?
True
Is 2092799 composite?
False
Is 9030313 a prime number?
True
Is 121304731